 divided by 25.
15
Calculate the remainder when 81833 is divided by 172.
133
What is the remainder when 153550 is divided by 6?
4
What is the remainder when 614570 is divided by 7?
5
What is the remainder when 130906 is divided by 220?
6
What is the remainder when 348 is divided by 118?
112
What is the remainder when 15351 is divided by 34?
17
Calculate the remainder when 2506 is divided by 696.
418
Calculate the remainder when 8566 is divided by 2854.
4
What is the remainder when 7482 is divided by 2451?
129
What is the remainder when 11733 is divided by 533?
7
What is the remainder when 7284 is divided by 800?
84
Calculate the remainder when 5776 is divided by 259.
78
Calculate the remainder when 61223 is divided by 157.
150
Calculate the remainder when 1105 is divided by 479.
147
What is the remainder when 174732 is divided by 338?
324
Calculate the remainder when 59065 is divided by 139.
129
What is the remainder when 4914 is divided by 93?
78
Calculate the remainder when 2290 is divided by 208.
2
What is the remainder when 13574 is divided by 539?
99
What is the remainder when 4801 is divided by 4709?
92
What is the remainder when 521896 is divided by 1318?
1286
Calculate the remainder when 29132 is divided by 38.
24
Calculate the remainder when 1839045 is divided by 2812.
2809
What is the remainder when 6101 is divided by 54?
53
Calculate the remainder when 505031 is divided by 23.
20
Calculate the remainder when 93 is divided by 3.
0
What is the remainder when 61960 is divided by 256?
8
Calculate the remainder when 411 is divided by 104.
99
Calculate the remainder when 1484 is divided by 632.
220
Calculate the remainder when 70212 is divided by 26.
12
Calculate the remainder when 495745 is divided by 375.
370
What is the remainder when 98837 is divided by 14?
11
What is the remainder when 23666 is divided by 11801?
64
Calculate the remainder when 10353 is divided by 324.
309
What is the remainder when 12193 is divided by 74?
57
Calculate the remainder when 1228 is divided by 288.
76
Calculate the remainder when 17131 is divided by 439.
10
What is the remainder when 1289 is divided by 1037?
252
What is the remainder when 862 is divided by 215?
2
What is the remainder when 9211 is divided by 25?
11
What is the remainder when 857 is divided by 769?
88
Calculate the remainder when 6472 is divided by 31.
24
What is the remainder when 366313 is divided by 949?
948
Calculate the remainder when 838348 is divided by 1035.
1033
What is the remainder when 449422 is divided by 41?
21
What is the remainder when 86085 is divided by 408?
405
What is the remainder when 63970 is divided by 9?
7
Calculate the remainder when 5093 is divided by 1630.
203
Calculate the remainder when 5754 is divided by 9.
3
What is the remainder when 17555 is divided by 17553?
2
What is the remainder when 18617 is divided by 620?
17
Calculate the remainder when 111509 is divided by 11148.
29
Calculate the remainder when 87852 is divided by 33.
6
What is the remainder when 1100 is divided by 9?
2
What is the remainder when 24888 is divided by 12438?
12
Calculate the remainder when 9212 is divided by 1258.
406
What is the remainder when 16429 is divided by 143?
127
What is the remainder when 220563 is divided by 173?
161
What is the remainder when 12184 is divided by 472?
384
Calculate the remainder when 51136 is divided by 502.
434
What is the remainder when 61709 is divided by 330?
329
Calculate the remainder when 9453 is divided by 3119.
96
What is the remainder when 111794 is divided by 19?
17
What is the remainder when 345608 is divided by 214?
212
What is the remainder when 1098 is divided by 341?
75
What is the remainder when 193491 is divided by 51?
48
Calculate the remainder when 32208 is divided by 182.
176
Calculate the remainder when 9108 is divided by 651.
645
Calculate the remainder when 29648 is divided by 52.
8
Calculate the remainder when 18828 is divided by 615.
378
What is the remainder when 1005 is divided by 109?
24
What is the remainder when 1430078 is divided by 820?
818
Calculate the remainder when 9918 is divided by 9885.
33
What is the remainder when 1142819 is divided by 252?
251
Calculate the remainder when 51085 is divided by 12756.
61
What is the remainder when 14172 is divided by 27?
24
Calculate the remainder when 69872 is divided by 52.
36
Calculate the remainder when 127 is divided by 69.
58
What is the remainder when 6489 is divided by 1326?
1185
Calculate the remainder when 13274 is divided by 38.
12
What is the remainder when 4818 is divided by 127?
119
Calculate the remainder when 582 is divided by 466.
116
Calculate the remainder when 19434 is divided by 88.
74
Calculate the remainder when 1915869 is divided by 48.
45
Calculate the remainder when 2183 is divided by 361.
17
What is the remainder when 390223 is divided by 215?
213
What is the remainder when 15390 is divided by 154?
144
Calculate the remainder when 114507 is divided by 375.
132
Calculate the remainder when 28086 is divided by 761.
690
What is the remainder when 46773 is divided by 8?
5
Calculate the remainder when 165876 is divided by 3015.
51
What is the remainder when 43299 is divided by 10812?
51
What is the remainder when 52605 is divided by 674?
33
What is the remainder when 12490 is divided by 1106?
324
What is the remainder when 997 is divided by 156?
61
Calculate the remainder when 42329 is divided by 14107.
8
Calculate the remainder when 751655 is divided by 980.
975
What is the remainder when 49837 is divided by 5?
2
What is the remainder when 227360 is divided by 158?
156
Calculate the remainder when 3946 is divided by 84.
82
Calculate the remainder when 75337 is divided by 37662.
13
Calculate the remainder when 36232 is divided by 80.
72
Calculate the remainder when 4629 is divided by 63.
30
What is the remainder when 55381 is divided by 43?
40
What is the remainder when 3903 is divided by 504?
375
What is the remainder when 4789 is divided by 242?
191
What is the remainder when 5900 is divided by 2385?
1130
Calculate the remainder when 11733 is divided by 123.
48
Calculate the remainder when 5053 is divided by 1674.
31
What is the remainder when 170296 is divided by 17029?
6
Calculate the remainder when 12127 is divided by 132.
115
Calculate the remainder when 11775 is divided by 2937.
27
What is the remainder when 4011 is divided by 3990?
21
Calculate the remainder when 1338 is divided by 1101.
237
What is the remainder when 97913 is divided by 63?
11
What is the remainder when 17737 is divided by 49?
48
What is the remainder when 191848 is divided by 163?
160
Calculate the remainder when 2761 is divided by 5.
1
Calculate the remainder when 5222 is divided by 473.
19
Calculate the remainder when 146296 is divided by 1342.
18
Calculate the remainder when 1192 is divided by 436.
320
Calculate the remainder when 6762 is divided by 101.
96
Calculate the remainder when 538 is divided by 500.
38
What is the remainder when 37997 is divided by 18?
17
Calculate the remainder when 89561 is divided by 3.
2
Calculate the remainder when 34092 is divided by 11360.
12
Calculate the remainder when 245304 is divided by 691.
690
What is the remainder when 3424 is divided by 58?
2
What is the remainder when 13234 is divided by 18?
4
What is the remainder when 713 is divided by 147?
125
Calculate the remainder when 3422 is divided by 21.
20
What is the remainder when 7257 is divided by 1245?
1032
What is the remainder when 10871 is divided by 1345?
111
Calculate the remainder when 13850 is divided by 13846.
4
What is the remainder when 6709 is divided by 210?
199
What is the remainder when 16439 is divided by 5463?
50
What is the remainder when 90581 is divided by 11317?
45
What is the remainder when 13137 is divided by 355?
2
What is the remainder when 79522 is divided by 45?
7
Calculate the remainder when 346092 is divided by 28.
12
What is the remainder when 8754 is divided by 250?
4
What is the remainder when 31308 is divided by 5215?
18
Calculate the remainder when 45226 is divided by 5647.
50
Calculate the remainder when 787 is divided by 283.
221
What is the remainder when 174549 is divided by 1156?
1149
Calculate the remainder when 21770 is divided by 139.
86
What is